{"id":1893,"date":"2025-02-27T14:07:02","date_gmt":"2025-02-27T13:07:02","guid":{"rendered":"https:\/\/mosquee-alhouda44800.com\/?page_id=1893"},"modified":"2025-04-25T17:21:00","modified_gmt":"2025-04-25T15:21:00","slug":"audio","status":"publish","type":"page","link":"https:\/\/mosquee-alhouda44800.com\/?page_id=1893","title":{"rendered":"Audio"},"content":{"rendered":"<style>.kb-row-layout-wrap.wp-block-kadence-rowlayout.kb-row-layout-id1893_27a08e-60{margin-top:0px;}.kb-row-layout-id1893_27a08e-60 > .kt-row-column-wrap{align-content:start;}:where(.kb-row-layout-id1893_27a08e-60 > .kt-row-column-wrap) > .wp-block-kadence-column{justify-content:start;}.kb-row-layout-id1893_27a08e-60 > .kt-row-column-wrap{column-gap:var(--global-kb-gap-md, 2rem);row-gap:var(--global-kb-gap-md, 2rem);max-width:var( --global-content-width, 1290px );padding-left:var(--global-content-edge-padding);padding-right:var(--global-content-edge-padding);padding-top:var(--global-kb-spacing-xxl, 5rem);padding-bottom:var(--global-kb-spacing-xxl, 5rem);grid-template-columns:minmax(0, 1fr);}.kb-row-layout-id1893_27a08e-60{border-bottom:1px solid var(--global-palette7, #EDF2F7);}.kb-row-layout-id1893_27a08e-60{background-image:url('https:\/\/mosquee-alhouda44800.com\/wp-content\/uploads\/2025\/02\/lines.png');background-size:cover;background-position:54% 73%;background-attachment:fixed;background-repeat:no-repeat;}.kb-row-layout-id1893_27a08e-60 > .kt-row-layout-overlay{opacity:0.78;background:radial-gradient(ellipse at center bottom,var(--global-palette9) 0%,var(--global-palette7) 99%);}@media all and (max-width: 1024px), only screen and (min-device-width: 1024px) and (max-device-width: 1366px) and (-webkit-min-device-pixel-ratio: 2) and (hover: none){.kb-row-layout-id1893_27a08e-60{background-attachment:scroll;}}@media all and (max-width: 1024px){.kb-row-layout-id1893_27a08e-60 > .kt-row-column-wrap{padding-top:60px;padding-right:150px;padding-bottom:60px;padding-left:150px;grid-template-columns:minmax(0, 1fr);}}@media all and (max-width: 1024px){.kb-row-layout-id1893_27a08e-60{border-bottom:1px solid var(--global-palette7, #EDF2F7);}}@media all and (max-width: 767px){.kb-row-layout-id1893_27a08e-60 > .kt-row-column-wrap{padding-top:40px;padding-right:30px;padding-bottom:40px;padding-left:30px;grid-template-columns:minmax(0, 1fr);}.kb-row-layout-id1893_27a08e-60{border-bottom:1px solid var(--global-palette7, #EDF2F7);}}<\/style><div class=\"kb-row-layout-wrap kb-row-layout-id1893_27a08e-60 alignfull has-theme-palette9-background-color kt-row-has-bg wp-block-kadence-rowlayout\"><div class=\"kt-row-layout-overlay kt-row-overlay-gradient\"><\/div><div class=\"kt-row-column-wrap kt-has-1-columns kt-row-layout-equal kt-tab-layout-inherit kt-mobile-layout-row kt-row-valign-top kb-theme-content-width\">\n<style>.kadence-column1893_9765c0-d7 > .kt-inside-inner-col,.kadence-column1893_9765c0-d7 > .kt-inside-inner-col:before{border-top-left-radius:0px;border-top-right-radius:0px;border-bottom-right-radius:0px;border-bottom-left-radius:0px;}.kadence-column1893_9765c0-d7 > .kt-inside-inner-col{column-gap:var(--global-kb-gap-sm, 1rem);}.kadence-column1893_9765c0-d7 > .kt-inside-inner-col{flex-direction:column;}.kadence-column1893_9765c0-d7 > .kt-inside-inner-col > .aligncenter{width:100%;}.kadence-column1893_9765c0-d7 > .kt-inside-inner-col:before{opacity:0.3;}.kadence-column1893_9765c0-d7{position:relative;}@media all and (max-width: 1024px){.kadence-column1893_9765c0-d7 > .kt-inside-inner-col{flex-direction:column;justify-content:center;}}@media all and (max-width: 767px){.kadence-column1893_9765c0-d7 > .kt-inside-inner-col{flex-direction:column;justify-content:center;}}<\/style>\n<div class=\"wp-block-kadence-column kadence-column1893_9765c0-d7 inner-column-1\"><div class=\"kt-inside-inner-col\"><style>.kb-row-layout-id1893_329bb1-af > .kt-row-column-wrap{align-content:start;}:where(.kb-row-layout-id1893_329bb1-af > .kt-row-column-wrap) > .wp-block-kadence-column{justify-content:start;}.kb-row-layout-id1893_329bb1-af > .kt-row-column-wrap{column-gap:var(--global-kb-gap-md, 2rem);row-gap:var(--global-kb-gap-md, 2rem);max-width:700px;margin-left:auto;margin-right:auto;padding-top:var(--global-kb-spacing-sm, 1.5rem);padding-bottom:var(--global-kb-spacing-sm, 1.5rem);grid-template-columns:minmax(0, 1fr);}.kb-row-layout-id1893_329bb1-af > .kt-row-layout-overlay{opacity:0.30;}@media all and (max-width: 1024px){.kb-row-layout-id1893_329bb1-af > .kt-row-column-wrap{grid-template-columns:minmax(0, 1fr);}}@media all and (max-width: 767px){.kb-row-layout-id1893_329bb1-af > .kt-row-column-wrap{grid-template-columns:minmax(0, 1fr);}}<\/style><div class=\"kb-row-layout-wrap kb-row-layout-id1893_329bb1-af alignnone wp-block-kadence-rowlayout\"><div class=\"kt-row-column-wrap kt-has-1-columns kt-row-layout-equal kt-tab-layout-inherit kt-mobile-layout-row kt-row-valign-top\">\n<style>.kadence-column1893_a8f78c-1b > .kt-inside-inner-col,.kadence-column1893_a8f78c-1b > .kt-inside-inner-col:before{border-top-left-radius:0px;border-top-right-radius:0px;border-bottom-right-radius:0px;border-bottom-left-radius:0px;}.kadence-column1893_a8f78c-1b > .kt-inside-inner-col{column-gap:var(--global-kb-gap-sm, 1rem);}.kadence-column1893_a8f78c-1b > .kt-inside-inner-col{flex-direction:column;}.kadence-column1893_a8f78c-1b > .kt-inside-inner-col > .aligncenter{width:100%;}.kadence-column1893_a8f78c-1b > .kt-inside-inner-col:before{opacity:0.3;}.kadence-column1893_a8f78c-1b{position:relative;}@media all and (max-width: 1024px){.kadence-column1893_a8f78c-1b > .kt-inside-inner-col{flex-direction:column;justify-content:center;}}@media all and (max-width: 767px){.kadence-column1893_a8f78c-1b > .kt-inside-inner-col{flex-direction:column;justify-content:center;}}<\/style>\n<div class=\"wp-block-kadence-column kadence-column1893_a8f78c-1b inner-column-1\"><div class=\"kt-inside-inner-col\"><style>.wp-block-kadence-advancedheading.kt-adv-heading1893_d2b83e-97, .wp-block-kadence-advancedheading.kt-adv-heading1893_d2b83e-97[data-kb-block=\"kb-adv-heading1893_d2b83e-97\"]{text-align:center;font-size:var(--global-kb-font-size-lg, 2rem);font-weight:500;font-style:normal;font-family:var( --global-heading-font-family, inherit );text-transform:capitalize;}.wp-block-kadence-advancedheading.kt-adv-heading1893_d2b83e-97 mark.kt-highlight, .wp-block-kadence-advancedheading.kt-adv-heading1893_d2b83e-97[data-kb-block=\"kb-adv-heading1893_d2b83e-97\"] mark.kt-highlight{font-style:normal;color:var(--global-palette2, #2B6CB0);-webkit-box-decoration-break:clone;box-decoration-break:clone;padding-top:0px;padding-right:0px;padding-bottom:0px;padding-left:0px;}.wp-block-kadence-advancedheading.kt-adv-heading1893_d2b83e-97 img.kb-inline-image, .wp-block-kadence-advancedheading.kt-adv-heading1893_d2b83e-97[data-kb-block=\"kb-adv-heading1893_d2b83e-97\"] img.kb-inline-image{width:150px;vertical-align:baseline;}@media all and (max-width: 767px){.wp-block-kadence-advancedheading.kt-adv-heading1893_d2b83e-97, .wp-block-kadence-advancedheading.kt-adv-heading1893_d2b83e-97[data-kb-block=\"kb-adv-heading1893_d2b83e-97\"]{font-size:var(--global-kb-font-size-lg, 2rem);}}<\/style>\n<h2 class=\"kt-adv-heading1893_d2b83e-97 wp-block-kadence-advancedheading has-theme-palette-3-color has-text-color\" data-kb-block=\"kb-adv-heading1893_d2b83e-97\">As-Sawt El Houda \u2013 Votre espace d\u2019\u00e9coute<\/h2>\n\n\n<style>.wp-block-kadence-advancedheading.kt-adv-heading1893_ec7f81-a6, .wp-block-kadence-advancedheading.kt-adv-heading1893_ec7f81-a6[data-kb-block=\"kb-adv-heading1893_ec7f81-a6\"]{text-align:center;font-style:normal;}.wp-block-kadence-advancedheading.kt-adv-heading1893_ec7f81-a6 mark.kt-highlight, .wp-block-kadence-advancedheading.kt-adv-heading1893_ec7f81-a6[data-kb-block=\"kb-adv-heading1893_ec7f81-a6\"] mark.kt-highlight{font-style:normal;color:#f76a0c;-webkit-box-decoration-break:clone;box-decoration-break:clone;padding-top:0px;padding-right:0px;padding-bottom:0px;padding-left:0px;}.wp-block-kadence-advancedheading.kt-adv-heading1893_ec7f81-a6 img.kb-inline-image, .wp-block-kadence-advancedheading.kt-adv-heading1893_ec7f81-a6[data-kb-block=\"kb-adv-heading1893_ec7f81-a6\"] img.kb-inline-image{width:150px;vertical-align:baseline;}<\/style>\n<p class=\"kt-adv-heading1893_ec7f81-a6 wp-block-kadence-advancedheading has-theme-palette-3-color has-text-color\" data-kb-block=\"kb-adv-heading1893_ec7f81-a6\">Retrouvez ici les r\u00e9citations du Saint Coran, les pr\u00eaches inspirants et les cours enrichissants de la Mosqu\u00e9e El Houda. Une source de lumi\u00e8re et de connaissance \u00e0 \u00e9couter \u00e0 tout moment.<\/p>\n<\/div><\/div>\n\n<\/div><\/div>\n\n<style>.kb-row-layout-id1893_13db04-2f > .kt-row-column-wrap{align-content:start;}:where(.kb-row-layout-id1893_13db04-2f > .kt-row-column-wrap) > .wp-block-kadence-column{justify-content:start;}.kb-row-layout-id1893_13db04-2f > .kt-row-column-wrap{column-gap:var(--global-kb-gap-md, 2rem);row-gap:var(--global-kb-gap-md, 2rem);max-width:var( --global-content-width, 1290px );padding-left:var(--global-content-edge-padding);padding-right:var(--global-content-edge-padding);padding-top:var(--global-kb-spacing-sm, 1.5rem);padding-bottom:var(--global-kb-spacing-sm, 1.5rem);grid-template-columns:minmax(0, 1fr);}.kb-row-layout-id1893_13db04-2f > .kt-row-layout-overlay{opacity:0.30;}@media all and (max-width: 1024px){.kb-row-layout-id1893_13db04-2f > .kt-row-column-wrap{grid-template-columns:minmax(0, 1fr);}}@media all and (max-width: 767px){.kb-row-layout-id1893_13db04-2f > .kt-row-column-wrap{grid-template-columns:minmax(0, 1fr);}}<\/style><div class=\"kb-row-layout-wrap kb-row-layout-id1893_13db04-2f alignnone wp-block-kadence-rowlayout\"><div class=\"kt-row-column-wrap kt-has-1-columns kt-row-layout-equal kt-tab-layout-inherit kt-mobile-layout-row kt-row-valign-top kb-theme-content-width\">\n<style>.kadence-column1893_d5fd31-66 > .kt-inside-inner-col,.kadence-column1893_d5fd31-66 > .kt-inside-inner-col:before{border-top-left-radius:0px;border-top-right-radius:0px;border-bottom-right-radius:0px;border-bottom-left-radius:0px;}.kadence-column1893_d5fd31-66 > .kt-inside-inner-col{column-gap:var(--global-kb-gap-sm, 1rem);}.kadence-column1893_d5fd31-66 > .kt-inside-inner-col{flex-direction:column;}.kadence-column1893_d5fd31-66 > .kt-inside-inner-col > .aligncenter{width:100%;}.kadence-column1893_d5fd31-66 > .kt-inside-inner-col:before{opacity:0.3;}.kadence-column1893_d5fd31-66{position:relative;}@media all and (max-width: 1024px){.kadence-column1893_d5fd31-66 > .kt-inside-inner-col{flex-direction:column;justify-content:center;}}@media all and (max-width: 767px){.kadence-column1893_d5fd31-66 > .kt-inside-inner-col{flex-direction:column;justify-content:center;}}<\/style>\n<div class=\"wp-block-kadence-column kadence-column1893_d5fd31-66\"><div class=\"kt-inside-inner-col\">\n<p><\/p>\n\n\n\n<figure style=\"padding-top:var(--wp--preset--spacing--30);padding-right:0;padding-bottom:var(--wp--preset--spacing--30);padding-left:0\" class=\"wp-block-audio\"><audio controls src=\"https:\/\/mosquee-alhouda44800.com\/wp-content\/uploads\/2025\/04\/rappel-2-1.mp4\" autoplay preload=\"auto\"><\/audio><figcaption class=\"wp-element-caption\"><strong><em><br>Au nom d&rsquo;Allah, le Tout Mis\u00e9ricordieux, le Tr\u00e8s Mis\u00e9ricordieux.<\/em><br><br>D&rsquo;apr\u00e8s Abou Houreira (qu&rsquo;Allah l&rsquo;agr\u00e9e), le Proph\u00e8te (que la pri\u00e8re d&rsquo;Allah et Son salut soient sur lui) a dit: \u00ab Certes Allah agr\u00e9e pour vous trois choses et d\u00e9teste pour vous trois choses  Il agr\u00e9e pour vous que vous l&rsquo;adoriez et que vous ne lui associez rien, que vous vous cramponniez tous au c\u00e2ble d&rsquo;Allah (*) et que vous conseilliez ceux qu&rsquo;Allah vous a mis comme gouverneurs.<br>Et il d\u00e9teste pour vous: les \u00ab on dit \u00bb, le fait de poser trop de questions et le gaspillage d&rsquo;argent \u00bb.<br>(Rapport\u00e9 par l&rsquo;imam Boukhari dans Al Adab al Moufrad n\u00b0442 et authentifi\u00e9 par cheikh Albani dans Sahih Al Adab Al Moufrad n\u00b0343)<br><br>(*) Le c\u00e2ble d&rsquo;Allah, comme l&rsquo;ont expliqu\u00e9 les savants, est le Coran.<br><br><br>\u0639\u0646 \u0623\u0628\u064a \u0647\u0631\u064a\u0631\u0629 \u0631\u0636\u064a \u0627\u0644\u0644\u0647 \u0639\u0646\u0647 \u0642\u0627\u0644 \u0631\u0633\u0648\u0644 \u0627\u0644\u0644\u0647 \u0635\u0644\u0649 \u0627\u0644\u0644\u0647 \u0639\u0644\u064a\u0647 \u0648 \u0633\u0644\u0645 : \u0625\u0646 \u0627\u0644\u0644\u0647 \u064a\u0631\u0636\u0649 \u0644\u0643\u0645 \u062b\u0644\u0627\u062b\u064b\u0627 \u0648\u064a\u0643\u0631\u0647\u064f \u0644\u0643\u0645 \u062b\u0644\u0627\u062b\u064b\u0627 : \u064a\u0631\u0636\u0649 \u0644\u0643\u0645 \u0623\u0646 \u062a\u0639\u0628\u062f\u0648\u0647 \u0648\u0644\u0627 \u062a\u0634\u0631\u0643\u0648\u0627 \u0628\u0647 \u0634\u064a\u0626\u064b\u0627 \u0648\u0623\u0646 \u062a\u0639\u062a\u0635\u0645\u0648\u0627 \u0628\u062d\u0628\u0644 \u0627\u0644\u0644\u0647 \u062c\u0645\u064a\u0639\u064b\u0627 \u0648\u0623\u0646 \u062a\u0646\u0627\u0635\u062d\u0648\u0627 \u0645\u0646 \u0648\u0644\u0627\u0647 \u0627\u0644\u0644\u0647 \u0623\u0645\u0631\u0643\u0645 . \u0648\u064a\u0643\u0631\u0647 \u0644\u0643\u0645 : \u0642\u064a\u0644 \u0648 \u0642\u0627\u0644 \u0648\u0643\u062b\u0631\u0629 \u0627\u0644\u0633\u0624\u0627\u0644 \u0648\u0625\u0636\u0627\u0639\u0629 \u0627\u0644\u0645\u0627\u0644<br>(\u0631\u0648\u0627\u0647 \u0627\u0644\u0625\u0645\u0627\u0645 \u0627\u0644\u0628\u062e\u0627\u0631\u064a \u0641\u064a \u0627\u0644\u0623\u062f\u0628 \u0627\u0644\u0645\u0641\u0631\u062f \u0631\u0642\u0645 \u0664\u0664\u0662 \u0648 \u0635\u062d\u062d\u0647 \u0627\u0644\u0634\u064a\u062e \u0627\u0644\u0623\u0644\u0628\u0627\u0646\u064a \u0641\u064a \u0635\u062d\u064a\u062d \u0627\u0644\u0623\u062f\u0628 \u0627\u0644\u0645\u0641\u0631\u062f \u0631\u0642\u0645<\/strong><\/figcaption><\/figure>\n\n\n\n<figure style=\"padding-top:var(--wp--preset--spacing--40);padding-right:0;padding-bottom:var(--wp--preset--spacing--40);padding-left:0\" class=\"wp-block-audio\"><audio controls src=\"https:\/\/mosquee-alhouda44800.com\/wp-content\/uploads\/2025\/04\/rappel-1.mp3\" autoplay><\/audio><figcaption class=\"wp-element-caption\"><strong>Le Messager d\u2019Allah \ufdfa a dit: \u00ab Le jour de la R\u00e9surrection, il y a trois personnes auxquelles Allah ne parlera pas, qu\u2019Il ne purifiera pas, ne regardera m\u00eame pas et qui subiront un ch\u00e2timent douloureux : un vieillard fornicateur, un gouverneur menteur et un pauvre plein d\u2019orgueil. \u00bb [Muslim 107]<br>\u0642\u0627\u0644 \u0631\u0633\u0648\u0644 \u0627\u0644\u0644\u0647 \ufdfa : \u200f\u201c\u062b\u0644\u0627\u062b\u0629\u064c \u0644\u0627 \u064a\u064f\u0643\u0644\u0650\u0651\u0645\u064f\u0647\u0645\u0652 \u0627\u0644\u0644\u0647\u064f \u064a\u0648\u0645\u064e \u0627\u0644\u0642\u0650\u064a\u0627\u0645\u0629\u0650 \u0648\u0644\u0627 \u064a\u064f\u0632\u064e\u0643\u0650\u0651\u064a\u0647\u0650\u0645\u0652 ( \u0642\u0627\u0644 \u0623\u0628\u064f\u0648 \u0645\u064f\u0639\u0627\u0648\u0650\u064a\u064e\u0629\u064e : \u0648\u0644\u0627 \u064a\u064e\u0646\u0638\u064f\u0631\u064f \u0625\u0644\u064a\u0647\u0650\u0645\u0652 ) \u0648\u0644\u064e\u0647\u064f\u0645\u0652 \u0639\u0630\u0627\u0628\u064c \u0623\u0644\u0650\u064a\u0645\u064c : \u0634\u064e\u064a\u0652\u062e\u064c \u0632\u0627\u0646\u064d . \u0648\u0645\u064e\u0644\u0650\u0643\u064c \u0643\u0630\u064e\u0651\u0627\u0628\u064c . \u0648\u0639\u0627\u0626\u0650\u0644\u064c \u0645\u064f\u0633\u062a\u064e\u0643\u0652\u0628\u0650\u0631\u064c\u201d \u200f\u0631\u0648\u0627\u0647 \u0645\u0633\u0644\u0645 \u0661\u0660\u0667<\/strong><\/figcaption><\/figure>\n\n\n<style>.kadence-column1893_1b1505-b5 > .kt-inside-inner-col,.kadence-column1893_1b1505-b5 > .kt-inside-inner-col:before{border-top-left-radius:0px;border-top-right-radius:0px;border-bottom-right-radius:0px;border-bottom-left-radius:0px;}.kadence-column1893_1b1505-b5 > .kt-inside-inner-col{column-gap:var(--global-kb-gap-sm, 1rem);}.kadence-column1893_1b1505-b5 > .kt-inside-inner-col{flex-direction:column;}.kadence-column1893_1b1505-b5 > .kt-inside-inner-col > .aligncenter{width:100%;}.kadence-column1893_1b1505-b5 > .kt-inside-inner-col:before{opacity:0.3;}.kadence-column1893_1b1505-b5{position:relative;}@media all and (max-width: 1024px){.kadence-column1893_1b1505-b5 > .kt-inside-inner-col{flex-direction:column;justify-content:center;}}@media all and (max-width: 767px){.kadence-column1893_1b1505-b5 > .kt-inside-inner-col{flex-direction:column;justify-content:center;}}<\/style>\n<div class=\"wp-block-kadence-column kadence-column1893_1b1505-b5\"><div class=\"kt-inside-inner-col\">\n<p><strong>Souarte Saba<\/strong><\/p>\n\n\n\n<figure class=\"wp-block-audio\"><audio controls src=\"https:\/\/mosquee-alhouda44800.com\/wp-content\/uploads\/2025\/04\/lecture-m-5.mp3\"><\/audio><\/figure>\n\n\n\n<p><strong>sourate fourquane<\/strong><\/p>\n\n\n\n<figure class=\"wp-block-audio\"><audio controls src=\"https:\/\/mosquee-alhouda44800.com\/wp-content\/uploads\/2025\/04\/sourate-fourkan-fini.mp3\"><\/audio><\/figure>\n\n\n\n<figure class=\"wp-block-audio\"><audio controls src=\"https:\/\/mosquee-alhouda44800.com\/wp-content\/uploads\/2025\/04\/rappel-la-mort-01.mp3\"><\/audio><figcaption class=\"wp-element-caption\">\ufd3f\u0643\u064f\u0644\u064f\u0651 \u0646\u064e\u0641\u0652\u0633\u064d \u0630\u064e\u0627\u0626\u0650\u0642\u064e\u0629\u064f \u0627\u0644\u0652\u0645\u064e\u0648\u0652\u062a\u0650 \u06d7 \u0648\u064e\u0625\u0650\u0646\u064e\u0651\u0645\u064e\u0627 \u062a\u064f\u0648\u064e\u0641\u064e\u0651\u0648\u0652\u0646\u064e \u0623\u064f\u062c\u064f\u0648\u0631\u064e\u0643\u064f\u0645\u0652 \u064a\u064e\u0648\u0652\u0645\u064e \u0627\u0644\u0652\u0642\u0650\u064a\u064e\u0627\u0645\u064e\u0629\u0650 \u06d6 \u0641\u064e\u0645\u064e\u0646 \u0632\u064f\u062d\u0652\u0632\u0650\u062d\u064e \u0639\u064e\u0646\u0650 \u0627\u0644\u0646\u064e\u0651\u0627\u0631\u0650 \u0648\u064e\u0623\u064f\u062f\u0652\u062e\u0650\u0644\u064e \u0627\u0644\u0652\u062c\u064e\u0646\u064e\u0651\u0629\u064e \u0641\u064e\u0642\u064e\u062f\u0652 \u0641\u064e\u0627\u0632\u064e \u06d7 \u0648\u064e\u0645\u064e\u0627 \u0627\u0644\u0652\u062d\u064e\u064a\u064e\u0627\u0629\u064f \u0627\u0644\u062f\u064f\u0651\u0646\u0652\u064a\u064e\u0627 \u0625\u0650\u0644\u064e\u0651\u0627 \u0645\u064e\u062a\u064e\u0627\u0639\u064f \u0627\u0644\u0652\u063a\u064f\u0631\u064f\u0648\u0631\u0650\ufd3e<br>[&nbsp;<a href=\"https:\/\/surahquran.com\/3.html\">\u0622\u0644 \u0639\u0645\u0631\u0627\u0646<\/a>: 185]<br>(Muhammad Hamid Allah)Toute \u00e2me go\u00fbtera la mort. Mais c&rsquo;est seulement au Jour de la R\u00e9surrection que vous recevrez votre enti\u00e8re r\u00e9tribution. Quiconque donc est \u00e9cart\u00e9 du Feu et introduit au Paradis, a certes r\u00e9ussi. Et la vie pr\u00e9sente n&rsquo;est qu&rsquo;un objet de jouissance trompeuse. [<a href=\"https:\/\/surahquran.com\/sorah-french-3.html\">Al-Imran<\/a>: 185]<br><a href=\"https:\/\/surahquran.com\/sorah-french-3.html\">sourate Al-Imran en fran\u00e7ais<\/a><\/figcaption><\/figure>\n\n\n\n<figure class=\"wp-block-audio\"><audio controls src=\"https:\/\/mosquee-alhouda44800.com\/wp-content\/uploads\/2025\/04\/jamal-katem-2025-online-audio-converter.com_.mp3\"><\/audio><\/figure>\n\n\n\n<p>Hizb Sabih avec Dua<\/p>\n\n\n\n<figure class=\"wp-block-audio\"><audio controls src=\"https:\/\/mosquee-alhouda44800.com\/wp-content\/uploads\/2025\/04\/bakara2023-fini-online-audio-converter.com_.mp3\"><\/audio><\/figure>\n\n\n\n<p>souarte baqara <\/p>\n\n\n\n\n\n\n\n\n\n\n\n\n\n\n<\/div><\/div>\n<\/div><\/div>\n\n<\/div><\/div><\/div><\/div>\n\n<\/div><\/div>","protected":false},"excerpt":{"rendered":"<p>As-Sawt El Houda \u2013 Votre espace d\u2019\u00e9coute Retrouvez ici les r\u00e9citations du Saint Coran, les pr\u00eaches inspirants et les cours enrichissants de la Mosqu\u00e9e El Houda. Une source de lumi\u00e8re et de connaissance \u00e0 \u00e9couter \u00e0 tout moment. Souarte Saba sourate fourquane Hizb Sabih avec Dua souarte baqara<\/p>\n","protected":false},"author":1,"featured_media":0,"parent":0,"menu_order":0,"comment_status":"closed","ping_status":"closed","template":"","meta":{"_kadence_starter_templates_imported_post":false,"_kad_post_transparent":"","_kad_post_title":"default","_kad_post_layout":"fullwidth","_kad_post_sidebar_id":"","_kad_post_content_style":"unboxed","_kad_post_vertical_padding":"default","_kad_post_feature":"","_kad_post_feature_position":"","_kad_post_header":false,"_kad_post_footer":false,"footnotes":""},"class_list":["post-1893","page","type-page","status-publish","hentry"],"_links":{"self":[{"href":"https:\/\/mosquee-alhouda44800.com\/index.php?rest_route=\/wp\/v2\/pages\/1893","targetHints":{"allow":["GET"]}}],"collection":[{"href":"https:\/\/mosquee-alhouda44800.com\/index.php?rest_route=\/wp\/v2\/pages"}],"about":[{"href":"https:\/\/mosquee-alhouda44800.com\/index.php?rest_route=\/wp\/v2\/types\/page"}],"author":[{"embeddable":true,"href":"https:\/\/mosquee-alhouda44800.com\/index.php?rest_route=\/wp\/v2\/users\/1"}],"replies":[{"embeddable":true,"href":"https:\/\/mosquee-alhouda44800.com\/index.php?rest_route=%2Fwp%2Fv2%2Fcomments&post=1893"}],"version-history":[{"count":24,"href":"https:\/\/mosquee-alhouda44800.com\/index.php?rest_route=\/wp\/v2\/pages\/1893\/revisions"}],"predecessor-version":[{"id":2087,"href":"https:\/\/mosquee-alhouda44800.com\/index.php?rest_route=\/wp\/v2\/pages\/1893\/revisions\/2087"}],"wp:attachment":[{"href":"https:\/\/mosquee-alhouda44800.com\/index.php?rest_route=%2Fwp%2Fv2%2Fmedia&parent=1893"}],"curies":[{"name":"wp","href":"https:\/\/api.w.org\/{rel}","templated":true}]}}